{"id":52,"date":"2024-03-19T14:31:19","date_gmt":"2024-03-19T12:31:19","guid":{"rendered":"https:\/\/espaisambarquitectura.com\/?page_id=52"},"modified":"2024-03-26T12:08:14","modified_gmt":"2024-03-26T10:08:14","slug":"qui-soc","status":"publish","type":"page","link":"https:\/\/espaisambarquitectura.com\/?page_id=52","title":{"rendered":"Qui s\u00f3c"},"content":{"rendered":"\n<p>Diuen que les <strong>crisis<\/strong> serveixen perqu\u00e8 canvi\u00efn les coses. Pel que respecta al m\u00f3n al que em dedico, aix\u00ed ha estat \u2026..<strong>sort n\u2019hem tingut<\/strong>!<\/p>\n\n\n\n<p>Com va comen\u00e7ar tot? A <strong>casa meva<\/strong> el dif\u00edcil va ser no dedicar-me a l\u2019<strong>arquitectura<\/strong>\u2026. Fill i germ\u00e0 d\u2019arquitecte, despatx a casa, casa al despatx, la professi\u00f3 sempre damunt la taula, taules de dibuix i tamborets de seient giratori, l\u00e0mpades met\u00e0l\u00b7liques articulades i el so d\u2019una fulla de gillette rascant un paper vegetal, els empipadors <em>r\u00f2trings<\/em> que calia netejar de tant en tant, ah! I el paral\u00b7lex infal\u00b7lible!&#8230;<strong>tot un m\u00f3n!<\/strong><\/p>\n\n\n\n<p>L\u2019any 2000, amb la carrera d\u2019Arquitectura T\u00e8cnica acabada, vaig anar-me\u2019n un any a treballar a la <strong>Vall d\u2019Aran<\/strong> per prendre contacte amb la realitat i agafar experi\u00e8ncia. Acabat aquest per\u00edode vaig establir-me al <strong>despatx familiar<\/strong>.<\/p>\n\n\n\n<p>En aquest entorn, les meves <strong>inquietuds<\/strong> emprenedores vam fer que l\u2019any 2005 m\u2019establis pel meu compte i aix\u00ed poder abastar nous <strong>reptes<\/strong> dins del m\u00f3n del totxo. Vaig combinar els projectes t\u00e8cnics amb l\u2019experi\u00e8ncia \u2018impagable\u2019 de fer el salt al m\u00f3n de la <strong>promoci\u00f3 immobili\u00e0ria. <\/strong>Tenint en compte que ens trob\u00e0vem a les portes d\u2019una crisi (si si&#8230;.aquesta, la del 2007!) i veient tot el que ha anat passant des de llavors, puc afirmar que va ser <strong>tot com un \u2018m\u00e0ster acad\u00e8mic\u2019<\/strong> d\u2019un nivell res envejable als que es poden fer a \u2018<em>la Salle\u2019<\/em>.<\/p>\n\n\n\n<p><strong>Que em queda d\u2019aquella \u00e8poca?<\/strong> &#8230;.doncs les mateixes ganes de fer la <strong>feina ben feta<\/strong>, molta experi\u00e8ncia i moltes experi\u00e8ncies, tamb\u00e9 vells records i <strong>belles amistats<\/strong>.<\/p>\n\n\n\n<p>De tota aquesta experi\u00e8ncia impagable i despr\u00e9s d\u2019haver passat per totes les fases del proc\u00e9s constructiu, a part d\u2019haver-ne sobreviscut, puc afirmar que <strong>res no tornar\u00e0 a ser com abans<\/strong> i que aix\u00f2 \u00e9s, sense cap mena de dubte, una <strong>bona not\u00edcia<\/strong>.<\/p>\n\n\n\n<p>Aqu\u00ed us deixo un <strong>gr\u00e0fic<\/strong> que resumeix d\u2019on venim i a cap a on anem:<\/p>\n\n\n\n<table><tbody><tr><td><strong>On \u00e9rem?&nbsp;&nbsp;&nbsp;&nbsp;&nbsp;&nbsp;<\/strong><\/td><td><strong>Valors\/Exig\u00e8ncies&nbsp;&nbsp;<\/strong><\/td><td>&nbsp;&nbsp; <strong>On som?<\/strong><\/td><\/tr><tr><td>ABANS 100%feina<\/td><td>DEDICACI\u00d3 A LA PROFESSI\u00d3<\/td><td>ARA 80% feina 20%aprenentatge<\/td><\/tr><tr><td>R\u00e0pid&#8230;. tot val!<\/td><td>FEINA<\/td><td>Feina ben feta<\/td><\/tr><tr><td>&#8230;..Que!??&#8230;&#8230;Com!??<\/td><td>EFICI\u00c8NCIA ENERG\u00c8TICA<\/td><td>Futur sostenible. Estalvi<\/td><\/tr><tr><td>Ni bo, ni bonic per\u00f2 molt barat&#8230;..No es valora<\/td><td>DISSENY<\/td><td>Valor afegit<\/td><\/tr><tr><td>Comprar molt barat i vendre molt car. Especulaci\u00f3.<\/td><td>COST<\/td><td>Control acurat gesti\u00f3 econ\u00f2mica<\/td><\/tr><tr><td>2000-2010<\/td><td>2010-2015<\/td><td>2015<\/td><\/tr><\/tbody><\/table>\n","protected":false},"excerpt":{"rendered":"<p>Diuen que les crisis serveixen perqu\u00e8 canvi\u00efn les coses. Pel que respecta al m\u00f3n al que em dedico, aix\u00ed ha<\/p>\n","protected":false},"author":1,"featured_media":0,"parent":0,"menu_order":0,"comment_status":"closed","ping_status":"closed","template":"","meta":{"om_disable_all_campaigns":false,"_monsterinsights_skip_tracking":false,"_monsterinsights_sitenote_active":false,"_monsterinsights_sitenote_note":"","_monsterinsights_sitenote_category":0,"_uf_show_specific_survey":0,"_uf_disable_surveys":false,"footnotes":""},"class_list":["post-52","page","type-page","status-publish","hentry"],"aioseo_notices":[],"_links":{"self":[{"href":"https:\/\/espaisambarquitectura.com\/index.php?rest_route=\/wp\/v2\/pages\/52","targetHints":{"allow":["GET"]}}],"collection":[{"href":"https:\/\/espaisambarquitectura.com\/index.php?rest_route=\/wp\/v2\/pages"}],"about":[{"href":"https:\/\/espaisambarquitectura.com\/index.php?rest_route=\/wp\/v2\/types\/page"}],"author":[{"embeddable":true,"href":"https:\/\/espaisambarquitectura.com\/index.php?rest_route=\/wp\/v2\/users\/1"}],"replies":[{"embeddable":true,"href":"https:\/\/espaisambarquitectura.com\/index.php?rest_route=%2Fwp%2Fv2%2Fcomments&post=52"}],"version-history":[{"count":6,"href":"https:\/\/espaisambarquitectura.com\/index.php?rest_route=\/wp\/v2\/pages\/52\/revisions"}],"predecessor-version":[{"id":327,"href":"https:\/\/espaisambarquitectura.com\/index.php?rest_route=\/wp\/v2\/pages\/52\/revisions\/327"}],"wp:attachment":[{"href":"https:\/\/espaisambarquitectura.com\/index.php?rest_route=%2Fwp%2Fv2%2Fmedia&parent=52"}],"curies":[{"name":"wp","href":"https:\/\/api.w.org\/{rel}","templated":true}]}}