{"id":54,"date":"2024-03-19T14:33:05","date_gmt":"2024-03-19T12:33:05","guid":{"rendered":"https:\/\/espaisambarquitectura.com\/?page_id=54"},"modified":"2024-03-27T14:43:28","modified_gmt":"2024-03-27T12:43:28","slug":"tens-un-espai-per-transformar","status":"publish","type":"page","link":"https:\/\/espaisambarquitectura.com\/?page_id=54","title":{"rendered":"&#8230;.Tens un espai* per transformar??"},"content":{"rendered":"\n<div class=\"wp-block-group is-layout-constrained wp-block-group-is-layout-constrained\">\n<div class=\"wp-block-group is-layout-constrained wp-block-group-is-layout-constrained\">\n<p class=\"has-vivid-green-cyan-color has-text-color has-link-color wp-elements-d1da806edf7a28bb1f6c36009080f307\"><sub><strong>*<\/strong>Espai&nbsp; [\u0259sp\u00e1j] nom mascul\u00ed.<\/sub><\/p>\n\n\n\n<p>&nbsp;&nbsp;&nbsp;&nbsp;&nbsp;&nbsp;&nbsp;&nbsp;&nbsp;<sub>        <em>Lloc on les coses passen<\/em>.<\/sub><\/p>\n\n\n\n<p>Tots som diferents i per tant tenim necessitats diferents.<\/p>\n<\/div>\n<\/div>\n\n\n\n<p>En els espais hi passen coses: hi naixem, hi vivim, hi treballem, hi compartim &#8230;<\/p>\n\n\n\n<p>Si ja tens clar que la feina ben feta i el disseny s\u00f3n un valor afegit per al teu espai, et proposem que tamb\u00e9 hi combinem conceptes com funcionalitat, sostenibilitat, tradici\u00f3, reutilitzaci\u00f3, proximitat, diferenciaci\u00f3, &#8230; i com no pot ser d\u2019una altra manera, amb cost acurat i controlat.<\/p>\n\n\n\n<p>Mitjan\u00e7ant un tracte personalitzat, t\u2019acompanyem en tot el proc\u00e9s de transformaci\u00f3 del teu espai per aconseguir que el resultat final sigui totalment satisfactori. Per aix\u00f2 et seggerim una metodologia de treball, basada en un escalat de serveis a mida, on tu decideixes fins a on vols arribar.<\/p>\n\n\n\n<p>Podem ajudar-te des de l\u2019actuaci\u00f3 m\u00e9s petita fins al projecte m\u00e9s complex.<\/p>\n\n\n\n<p>Sona b\u00e9, oi? Doncs no \u00e9s res nou, simplement \u00e9s fer b\u00e9 les coses des del principi. Aix\u00ed que&#8230; <strong>quan comencem?<\/strong><\/p>\n\n\n\n<p><strong>El primer pas \u00e9s&#8230; <u>la fase 0<\/u>!<\/strong><\/p>\n\n\n\n<figure class=\"wp-block-image size-large\"><img loading=\"lazy\" decoding=\"async\" width=\"1024\" height=\"341\" src=\"https:\/\/espaisambarquitectura.com\/wp-content\/uploads\/2024\/03\/fase-0-1-1024x341.png\" alt=\"\" class=\"wp-image-312\" srcset=\"https:\/\/espaisambarquitectura.com\/wp-content\/uploads\/2024\/03\/fase-0-1-1024x341.png 1024w, https:\/\/espaisambarquitectura.com\/wp-content\/uploads\/2024\/03\/fase-0-1-300x100.png 300w, https:\/\/espaisambarquitectura.com\/wp-content\/uploads\/2024\/03\/fase-0-1-768x256.png 768w, https:\/\/espaisambarquitectura.com\/wp-content\/uploads\/2024\/03\/fase-0-1.png 1100w\" sizes=\"auto, (max-width: 1024px) 100vw, 1024px\" \/><\/figure>\n\n\n\n<p><strong>Comencem?&#8230; <u>ja estem a la fase I<\/u><\/strong><\/p>\n\n\n\n<figure class=\"wp-block-image size-large\"><img loading=\"lazy\" decoding=\"async\" width=\"1024\" height=\"396\" src=\"https:\/\/espaisambarquitectura.com\/wp-content\/uploads\/2024\/03\/fase1-1-1024x396.png\" alt=\"\" class=\"wp-image-317\" srcset=\"https:\/\/espaisambarquitectura.com\/wp-content\/uploads\/2024\/03\/fase1-1-1024x396.png 1024w, https:\/\/espaisambarquitectura.com\/wp-content\/uploads\/2024\/03\/fase1-1-300x116.png 300w, https:\/\/espaisambarquitectura.com\/wp-content\/uploads\/2024\/03\/fase1-1-768x297.png 768w, https:\/\/espaisambarquitectura.com\/wp-content\/uploads\/2024\/03\/fase1-1.png 1098w\" sizes=\"auto, (max-width: 1024px) 100vw, 1024px\" \/><\/figure>\n\n\n\n<p><strong>Vols fer alguna cosa original, \u2018diferent\u2019 i personal&#8230; doncs continuem! <u>fase II<\/u><\/strong><\/p>\n\n\n\n<figure class=\"wp-block-image size-large\"><img loading=\"lazy\" decoding=\"async\" width=\"1024\" height=\"372\" src=\"https:\/\/espaisambarquitectura.com\/wp-content\/uploads\/2024\/03\/fase-2-2-1024x372.png\" alt=\"\" class=\"wp-image-321\" srcset=\"https:\/\/espaisambarquitectura.com\/wp-content\/uploads\/2024\/03\/fase-2-2-1024x372.png 1024w, https:\/\/espaisambarquitectura.com\/wp-content\/uploads\/2024\/03\/fase-2-2-300x109.png 300w, https:\/\/espaisambarquitectura.com\/wp-content\/uploads\/2024\/03\/fase-2-2-768x279.png 768w, https:\/\/espaisambarquitectura.com\/wp-content\/uploads\/2024\/03\/fase-2-2.png 1098w\" sizes=\"auto, (max-width: 1024px) 100vw, 1024px\" \/><\/figure>\n\n\n\n<p>Ho tenim tot a punt per comen\u00e7ar&#8230; <strong>t\u2019agrada<\/strong>?<\/p>\n\n\n\n<p><strong>Comencem l\u2019obra? &#8230; <u>fase III<\/u><\/strong><\/p>\n\n\n\n<figure class=\"wp-block-image size-large\"><img loading=\"lazy\" decoding=\"async\" width=\"1024\" height=\"360\" src=\"https:\/\/espaisambarquitectura.com\/wp-content\/uploads\/2024\/03\/fase-3-1-1024x360.png\" alt=\"\" class=\"wp-image-319\" style=\"object-fit:contain\" srcset=\"https:\/\/espaisambarquitectura.com\/wp-content\/uploads\/2024\/03\/fase-3-1-1024x360.png 1024w, https:\/\/espaisambarquitectura.com\/wp-content\/uploads\/2024\/03\/fase-3-1-300x106.png 300w, https:\/\/espaisambarquitectura.com\/wp-content\/uploads\/2024\/03\/fase-3-1-768x270.png 768w, https:\/\/espaisambarquitectura.com\/wp-content\/uploads\/2024\/03\/fase-3-1.png 1100w\" sizes=\"auto, (max-width: 1024px) 100vw, 1024px\" \/><\/figure>\n\n\n\n<p>\u00b7 tenir el pressupost controlat.<\/p>\n\n\n\n<p>\u00b7 fer-ho en el temps que ens ho hav\u00edem proposat.<\/p>\n\n\n\n<p>\u00b7 la qualitat final estigui a l&#8217;altura de les teves expectatives.<\/p>\n\n\n\n<p>\u00b7 que siguis capa\u00e7 de gaudir de tot aquest proc\u00e9s. Segur que et sona la frase: <em>\u2018&#8230; tenia unes ganes de qu\u00e8 s\u2019acab\u00e9s&#8230;<\/em>\u2019\u00a0\u00a0<\/p>\n","protected":false},"excerpt":{"rendered":"<p>*Espai&nbsp; [\u0259sp\u00e1j] nom mascul\u00ed. &nbsp;&nbsp;&nbsp;&nbsp;&nbsp;&nbsp;&nbsp;&nbsp;&nbsp; Lloc on les coses passen. Tots som diferents i per tant tenim necessitats diferents. En<\/p>\n","protected":false},"author":1,"featured_media":0,"parent":0,"menu_order":0,"comment_status":"closed","ping_status":"closed","template":"","meta":{"om_disable_all_campaigns":false,"_monsterinsights_skip_tracking":false,"_monsterinsights_sitenote_active":false,"_monsterinsights_sitenote_note":"","_monsterinsights_sitenote_category":0,"_uf_show_specific_survey":0,"_uf_disable_surveys":false,"footnotes":""},"class_list":["post-54","page","type-page","status-publish","hentry"],"aioseo_notices":[],"_links":{"self":[{"href":"https:\/\/espaisambarquitectura.com\/index.php?rest_route=\/wp\/v2\/pages\/54","targetHints":{"allow":["GET"]}}],"collection":[{"href":"https:\/\/espaisambarquitectura.com\/index.php?rest_route=\/wp\/v2\/pages"}],"about":[{"href":"https:\/\/espaisambarquitectura.com\/index.php?rest_route=\/wp\/v2\/types\/page"}],"author":[{"embeddable":true,"href":"https:\/\/espaisambarquitectura.com\/index.php?rest_route=\/wp\/v2\/users\/1"}],"replies":[{"embeddable":true,"href":"https:\/\/espaisambarquitectura.com\/index.php?rest_route=%2Fwp%2Fv2%2Fcomments&post=54"}],"version-history":[{"count":10,"href":"https:\/\/espaisambarquitectura.com\/index.php?rest_route=\/wp\/v2\/pages\/54\/revisions"}],"predecessor-version":[{"id":331,"href":"https:\/\/espaisambarquitectura.com\/index.php?rest_route=\/wp\/v2\/pages\/54\/revisions\/331"}],"wp:attachment":[{"href":"https:\/\/espaisambarquitectura.com\/index.php?rest_route=%2Fwp%2Fv2%2Fmedia&parent=54"}],"curies":[{"name":"wp","href":"https:\/\/api.w.org\/{rel}","templated":true}]}}